{"id":60,"date":"2019-03-17T14:53:43","date_gmt":"2019-03-17T13:53:43","guid":{"rendered":"http:\/\/blauth.stefantemplin.de\/?page_id=60"},"modified":"2025-01-22T18:30:19","modified_gmt":"2025-01-22T17:30:19","slug":"veroeffentlichungen","status":"publish","type":"page","link":"https:\/\/heimatmuseum-weilerbach.de\/?page_id=60","title":{"rendered":"Ver\u00f6ffentlichungen"},"content":{"rendered":"\n<p>Hier k\u00f6nnen Sie von uns ver\u00f6ffentlichte Dokumente herunterladen.<\/p>\n\n\n\n<div class=\"wp-block-columns are-vertically-aligned-top has-3-columns is-layout-flex wp-container-core-columns-is-layout-9d6595d7 wp-block-columns-is-layout-flex\">\n<div class=\"wp-block-column is-vertically-aligned-top custom-card is-layout-flow wp-block-column-is-layout-flow\">\n<div class=\"wp-block-group\"><div class=\"wp-block-group__inner-container is-layout-flow wp-block-group-is-layout-flow\">\n<h4 class=\"wp-block-heading has-text-align-center\"><strong>Der Wald<\/strong><\/h4>\n\n\n\n<hr class=\"wp-block-separator has-css-opacity\"\/>\n\n\n\n<p><strong>Verfasser:<\/strong> Kurt Sch\u00e4fer  <\/p>\n\n\n\n<p>Weilerbach, Januar 2013  <\/p>\n\n\n\n<hr class=\"wp-block-separator has-css-opacity\"\/>\n<\/div><\/div>\n\n\n\n<div class=\"wp-block-file aligncenter\"><a href=\"http:\/\/heimatmuseum-weilerbach.de\/wp-content\/uploads\/2019\/08\/Der-Wald.pdf\" class=\"wp-block-file__button wp-element-button\" download>Herunterladen<\/a><\/div>\n<\/div>\n\n\n\n<div class=\"wp-block-column is-vertically-aligned-top custom-card is-layout-flow wp-block-column-is-layout-flow\">\n<div class=\"wp-block-group\"><div class=\"wp-block-group__inner-container is-layout-flow wp-block-group-is-layout-flow\">\n<h4 class=\"wp-block-heading has-text-align-center\"><strong>Die treuen Bauern von Weilerbach und Ramstein<\/strong><\/h4>\n\n\n\n<hr class=\"wp-block-separator has-css-opacity\"\/>\n\n\n\n<p><strong>Verfasser:<\/strong> Kurt Sch\u00e4fer<\/p>\n\n\n\n<p>Weilerbach, September 2013  <\/p>\n\n\n\n<hr class=\"wp-block-separator has-css-opacity\"\/>\n\n\n\n<div class=\"wp-block-file aligncenter\"><a href=\"http:\/\/heimatmuseum-weilerbach.de\/wp-content\/uploads\/2019\/08\/DIE-TREUEN-BAUERN-VON-WEILERBACH-UND-RAMSTEIN.pdf\" class=\"wp-block-file__button wp-element-button\" download>Herunterladen<\/a><\/div>\n<\/div><\/div>\n<\/div>\n\n\n\n<div class=\"wp-block-column is-vertically-aligned-top custom-card is-layout-flow wp-block-column-is-layout-flow\">\n<div class=\"wp-block-group\"><div class=\"wp-block-group__inner-container is-layout-flow wp-block-group-is-layout-flow\">\n<h4 class=\"wp-block-heading has-text-align-center\"><strong>Oskar Freiherr von Redwitz-Schm\u00f6lz:  Ein Weilerbacher B\u00fcrger  als sp\u00e4tromantischer Bestseller-Autor  im 19.Jahrhundert<\/strong><\/h4>\n\n\n\n<hr class=\"wp-block-separator has-css-opacity\"\/>\n\n\n\n<p><strong>Verfasser:<\/strong> Kurt Sch\u00e4fer<\/p>\n\n\n\n<p>Weilerbach, September 2011<\/p>\n\n\n\n<hr class=\"wp-block-separator has-css-opacity\"\/>\n<\/div><\/div>\n\n\n\n<div class=\"wp-block-file aligncenter\"><a href=\"http:\/\/heimatmuseum-weilerbach.de\/wp-content\/uploads\/2019\/09\/Oskar-von-Redwitz.pdf\" class=\"wp-block-file__button wp-element-button\" download>Herunterladen<\/a><\/div>\n<\/div>\n<\/div>\n\n\n\n<div class=\"wp-block-columns are-vertically-aligned-top has-3-columns is-layout-flex wp-container-core-columns-is-layout-9d6595d7 wp-block-columns-is-layout-flex\">\n<div class=\"wp-block-column is-vertically-aligned-top custom-card is-layout-flow wp-block-column-is-layout-flow\">\n<div class=\"wp-block-group\"><div class=\"wp-block-group__inner-container is-layout-flow wp-block-group-is-layout-flow\">\n<h4 class=\"wp-block-heading has-text-align-center\"> <strong>Aufstieg, Glanz und Niedergang der Kelten<\/strong><\/h4>\n\n\n\n<hr class=\"wp-block-separator has-css-opacity\"\/>\n\n\n\n<p><strong>Verfasser:<\/strong> Kurt Sch\u00e4fer  <\/p>\n\n\n\n<p class=\"has-text-align-left\">Weilerbach,  7. Juli 2016<\/p>\n\n\n\n<hr class=\"wp-block-separator has-css-opacity\"\/>\n<\/div><\/div>\n\n\n\n<div class=\"wp-block-file aligncenter\"><a href=\"http:\/\/heimatmuseum-weilerbach.de\/wp-content\/uploads\/2019\/09\/Die-Kelten.pdf\" class=\"wp-block-file__button wp-element-button\" download>Herunterladen<\/a><\/div>\n<\/div>\n\n\n\n<div class=\"wp-block-column is-vertically-aligned-top custom-card is-layout-flow wp-block-column-is-layout-flow\">\n<div class=\"wp-block-group\"><div class=\"wp-block-group__inner-container is-layout-flow wp-block-group-is-layout-flow\">\n<h4 class=\"wp-block-heading has-text-align-center\"><strong>Die Mountainbike-Tour &#8222;Schlacht bei Morlautern&#8220;<\/strong><\/h4>\n\n\n\n<hr class=\"wp-block-separator has-css-opacity\"\/>\n\n\n\n<p><strong>Verfasser:<\/strong> J\u00fcrgen Heinz<\/p>\n\n\n\n<p class=\"has-text-align-left custom-text-align-left\"><strong>Erschienen im:<\/strong> Heimatjahrbuch des Landkreises Kaiserslautern 2025<\/p>\n\n\n\n<p class=\"has-text-align-left\">Weilerbach,  Dezember 2024<\/p>\n\n\n\n<hr class=\"wp-block-separator has-css-opacity\"\/>\n\n\n\n<div class=\"wp-block-file aligncenter\"><a href=\"https:\/\/heimatmuseum-weilerbach.de\/wp-content\/uploads\/2025\/01\/Mountainbike-Tour-Schlacht-bei-Morlautern.pdf\" class=\"wp-block-file__button wp-element-button\" download>Herunterladen<\/a><\/div>\n<\/div><\/div>\n<\/div>\n\n\n\n<div class=\"wp-block-column is-vertically-aligned-top custom-card custom-invisible is-layout-flow wp-block-column-is-layout-flow\">\n<div class=\"wp-block-group\"><div class=\"wp-block-group__inner-container is-layout-flow wp-block-group-is-layout-flow\">\n<h4 class=\"wp-block-heading has-text-align-center\"><strong>ie Mountainbike-Tour &#8222;Schlacht bei Morlautern&#8220;<\/strong><\/h4>\n\n\n\n<hr class=\"wp-block-separator has-css-opacity\"\/>\n\n\n\n<p><strong>Verfasser:<\/strong> J\u00fcrgen Heinz<\/p>\n\n\n\n<p class=\"has-text-align-left custom-text-align-left\"><strong>Erschienen im:<\/strong> Heimatjahrbuch des Landkreises Kaiserslautern 2025<\/p>\n\n\n\n<p class=\"has-text-align-left\">Weilerbach,  Dezember 2024<\/p>\n\n\n\n<hr class=\"wp-block-separator has-css-opacity\"\/>\n\n\n\n<div class=\"wp-block-file aligncenter\"><a href=\"https:\/\/heimatmuseum-weilerbach.de\/wp-content\/uploads\/2025\/01\/Mountainbike-Tour-Schlacht-bei-Morlautern.pdf\" class=\"wp-block-file__button wp-element-button\" download>Herunterladen<\/a><\/div>\n<\/div><\/div>\n<\/div>\n<\/div>\n","protected":false},"excerpt":{"rendered":"<p>Hier k\u00f6nnen Sie von uns ver\u00f6ffentlichte Dokumente herunterladen. Der Wald Verfasser: Kurt Sch\u00e4fer Weilerbach, Januar 2013 Die treuen Bauern von Weilerbach und Ramstein Verfasser: Kurt Sch\u00e4fer Weilerbach, September 2013 Oskar Freiherr von Redwitz-Schm\u00f6lz: Ein Weilerbacher B\u00fcrger als sp\u00e4tromantischer Bestseller-Autor im 19.Jahrhundert Verfasser: Kurt Sch\u00e4fer Weilerbach, September 2011 Aufstieg, Glanz und Niedergang der Kelten Verfasser: Kurt <a href=\"https:\/\/heimatmuseum-weilerbach.de\/?page_id=60\" rel=\"nofollow\"><span class=\"sr-only\">Read more about Ver\u00f6ffentlichungen<\/span>[&hellip;]<\/a><\/p>\n","protected":false},"author":1,"featured_media":0,"parent":0,"menu_order":0,"comment_status":"closed","ping_status":"closed","template":"template-fullwidth.php","meta":{"footnotes":""},"class_list":["post-60","page","type-page","status-publish","hentry"],"_links":{"self":[{"href":"https:\/\/heimatmuseum-weilerbach.de\/index.php?rest_route=\/wp\/v2\/pages\/60","targetHints":{"allow":["GET"]}}],"collection":[{"href":"https:\/\/heimatmuseum-weilerbach.de\/index.php?rest_route=\/wp\/v2\/pages"}],"about":[{"href":"https:\/\/heimatmuseum-weilerbach.de\/index.php?rest_route=\/wp\/v2\/types\/page"}],"author":[{"embeddable":true,"href":"https:\/\/heimatmuseum-weilerbach.de\/index.php?rest_route=\/wp\/v2\/users\/1"}],"replies":[{"embeddable":true,"href":"https:\/\/heimatmuseum-weilerbach.de\/index.php?rest_route=%2Fwp%2Fv2%2Fcomments&post=60"}],"version-history":[{"count":94,"href":"https:\/\/heimatmuseum-weilerbach.de\/index.php?rest_route=\/wp\/v2\/pages\/60\/revisions"}],"predecessor-version":[{"id":632,"href":"https:\/\/heimatmuseum-weilerbach.de\/index.php?rest_route=\/wp\/v2\/pages\/60\/revisions\/632"}],"wp:attachment":[{"href":"https:\/\/heimatmuseum-weilerbach.de\/index.php?rest_route=%2Fwp%2Fv2%2Fmedia&parent=60"}],"curies":[{"name":"wp","href":"https:\/\/api.w.org\/{rel}","templated":true}]}}

Veröffentlichungen

<p>Hier können Sie von uns veröffentlichte Dokumente herunterladen.</p>



<div class="wp-block-columns are-vertically-aligned-top has-3-columns is-layout-flex wp-container-core-columns-is-layout-9d6595d7 wp-block-columns-is-layout-flex">
<div class="wp-block-column is-vertically-aligned-top custom-card is-layout-flow wp-block-column-is-layout-flow">
<div class="wp-block-group"><div class="wp-block-group__inner-container is-layout-flow wp-block-group-is-layout-flow">
<h4 class="wp-block-heading has-text-align-center"><strong>Der Wald</strong></h4>



<hr class="wp-block-separator has-css-opacity"/>



<p><strong>Verfasser:</strong> Kurt Schäfer  </p>



<p>Weilerbach, Januar 2013  </p>



<hr class="wp-block-separator has-css-opacity"/>
</div></div>



<div class="wp-block-file aligncenter"><a href="http://heimatmuseum-weilerbach.de/wp-content/uploads/2019/08/Der-Wald.pdf" class="wp-block-file__button wp-element-button" download>Herunterladen</a></div>
</div>



<div class="wp-block-column is-vertically-aligned-top custom-card is-layout-flow wp-block-column-is-layout-flow">
<div class="wp-block-group"><div class="wp-block-group__inner-container is-layout-flow wp-block-group-is-layout-flow">
<h4 class="wp-block-heading has-text-align-center"><strong>Die treuen Bauern von Weilerbach und Ramstein</strong></h4>



<hr class="wp-block-separator has-css-opacity"/>



<p><strong>Verfasser:</strong> Kurt Schäfer</p>



<p>Weilerbach, September 2013  </p>



<hr class="wp-block-separator has-css-opacity"/>



<div class="wp-block-file aligncenter"><a href="http://heimatmuseum-weilerbach.de/wp-content/uploads/2019/08/DIE-TREUEN-BAUERN-VON-WEILERBACH-UND-RAMSTEIN.pdf" class="wp-block-file__button wp-element-button" download>Herunterladen</a></div>
</div></div>
</div>



<div class="wp-block-column is-vertically-aligned-top custom-card is-layout-flow wp-block-column-is-layout-flow">
<div class="wp-block-group"><div class="wp-block-group__inner-container is-layout-flow wp-block-group-is-layout-flow">
<h4 class="wp-block-heading has-text-align-center"><strong>Oskar Freiherr von Redwitz-Schmölz:  Ein Weilerbacher Bürger  als spätromantischer Bestseller-Autor  im 19.Jahrhundert</strong></h4>



<hr class="wp-block-separator has-css-opacity"/>



<p><strong>Verfasser:</strong> Kurt Schäfer</p>



<p>Weilerbach, September 2011</p>



<hr class="wp-block-separator has-css-opacity"/>
</div></div>



<div class="wp-block-file aligncenter"><a href="http://heimatmuseum-weilerbach.de/wp-content/uploads/2019/09/Oskar-von-Redwitz.pdf" class="wp-block-file__button wp-element-button" download>Herunterladen</a></div>
</div>
</div>



<div class="wp-block-columns are-vertically-aligned-top has-3-columns is-layout-flex wp-container-core-columns-is-layout-9d6595d7 wp-block-columns-is-layout-flex">
<div class="wp-block-column is-vertically-aligned-top custom-card is-layout-flow wp-block-column-is-layout-flow">
<div class="wp-block-group"><div class="wp-block-group__inner-container is-layout-flow wp-block-group-is-layout-flow">
<h4 class="wp-block-heading has-text-align-center"> <strong>Aufstieg, Glanz und Niedergang der Kelten</strong></h4>



<hr class="wp-block-separator has-css-opacity"/>



<p><strong>Verfasser:</strong> Kurt Schäfer  </p>



<p class="has-text-align-left">Weilerbach,  7. Juli 2016</p>



<hr class="wp-block-separator has-css-opacity"/>
</div></div>



<div class="wp-block-file aligncenter"><a href="http://heimatmuseum-weilerbach.de/wp-content/uploads/2019/09/Die-Kelten.pdf" class="wp-block-file__button wp-element-button" download>Herunterladen</a></div>
</div>



<div class="wp-block-column is-vertically-aligned-top custom-card is-layout-flow wp-block-column-is-layout-flow">
<div class="wp-block-group"><div class="wp-block-group__inner-container is-layout-flow wp-block-group-is-layout-flow">
<h4 class="wp-block-heading has-text-align-center"><strong>Die Mountainbike-Tour &#8222;Schlacht bei Morlautern&#8220;</strong></h4>



<hr class="wp-block-separator has-css-opacity"/>



<p><strong>Verfasser:</strong> Jürgen Heinz</p>



<p class="has-text-align-left custom-text-align-left"><strong>Erschienen im:</strong> Heimatjahrbuch des Landkreises Kaiserslautern 2025</p>



<p class="has-text-align-left">Weilerbach,  Dezember 2024</p>



<hr class="wp-block-separator has-css-opacity"/>



<div class="wp-block-file aligncenter"><a href="https://heimatmuseum-weilerbach.de/wp-content/uploads/2025/01/Mountainbike-Tour-Schlacht-bei-Morlautern.pdf" class="wp-block-file__button wp-element-button" download>Herunterladen</a></div>
</div></div>
</div>



<div class="wp-block-column is-vertically-aligned-top custom-card custom-invisible is-layout-flow wp-block-column-is-layout-flow">
<div class="wp-block-group"><div class="wp-block-group__inner-container is-layout-flow wp-block-group-is-layout-flow">
<h4 class="wp-block-heading has-text-align-center"><strong>ie Mountainbike-Tour &#8222;Schlacht bei Morlautern&#8220;</strong></h4>



<hr class="wp-block-separator has-css-opacity"/>



<p><strong>Verfasser:</strong> Jürgen Heinz</p>



<p class="has-text-align-left custom-text-align-left"><strong>Erschienen im:</strong> Heimatjahrbuch des Landkreises Kaiserslautern 2025</p>



<p class="has-text-align-left">Weilerbach,  Dezember 2024</p>



<hr class="wp-block-separator has-css-opacity"/>



<div class="wp-block-file aligncenter"><a href="https://heimatmuseum-weilerbach.de/wp-content/uploads/2025/01/Mountainbike-Tour-Schlacht-bei-Morlautern.pdf" class="wp-block-file__button wp-element-button" download>Herunterladen</a></div>
</div></div>
</div>
</div>

<p>Hier können Sie von uns veröffentlichte Dokumente herunterladen. Der Wald Verfasser: Kurt Schäfer Weilerbach, Januar 2013 Die treuen Bauern von Weilerbach und Ramstein Verfasser: Kurt Schäfer Weilerbach, September 2013 Oskar Freiherr von Redwitz-Schmölz: Ein Weilerbacher Bürger als spätromantischer Bestseller-Autor im 19.Jahrhundert Verfasser: Kurt Schäfer Weilerbach, September 2011 Aufstieg, Glanz und Niedergang der Kelten Verfasser: Kurt <a href="https://heimatmuseum-weilerbach.de/?page_id=60" rel="nofollow"><span class="sr-only">Read more about Veröffentlichungen</span>[&hellip;]</a></p>
