{"id":451,"date":"2023-03-05T15:35:54","date_gmt":"2023-03-05T14:35:54","guid":{"rendered":"https:\/\/heimatmuseum-weilerbach.de\/?page_id=451"},"modified":"2026-08-14T18:14:08","modified_gmt":"2026-08-14T16:14:08","slug":"aktuelles","status":"publish","type":"page","link":"https:\/\/heimatmuseum-weilerbach.de\/?page_id=451","title":{"rendered":"Aktuelles"},"content":{"rendered":"\n<p>Hier finden Sie die aktuellsten Information.<\/p>\n\n\n\n<div style=\"height:44px\" aria-hidden=\"true\" class=\"wp-block-spacer\"><\/div>\n\n\n\n<h2 class=\"wp-block-heading\">Veranstaltung Aldes Zeich un luschdisch\u00b4 Gebabbel, ein heiterer musikalisch-literarischer Abend im Museum<\/h2>\n\n\n\n<p>Von und mit Georg Brehm.<br>Musikalische Begleitung: Dieter Schmitt<br>Freitag, 9. Oktober\u00a0<br>Beginn 19:00 Uhr<br>Ort: Reinhard-Blauth-Museum, Schulstr. 6, 67685 Weilerbach<br>Der Eintritt ist kostenlos.<\/p>\n\n\n\n<div style=\"height:19px\" aria-hidden=\"true\" class=\"wp-block-spacer\"><\/div>\n\n\n\n<h2 class=\"wp-block-heading\">Umbauma\u00dfnahmen<\/h2>\n\n\n\n<p>Auf Grund bevorstehender Umbauma\u00dfnahmen im B\u00fcrgerhaus wurden von dort Einrichtungsgegenst\u00e4nde bis auf weiteres in unserer Landwirtschaftshalle zwischengelagert. Dies kann zu Einschr\u00e4nkungen bei der Besichtigung der landwirtschaftlichen Ger\u00e4te f\u00fchren. Wir bitten dies zu entschuldigen.<\/p>\n\n\n\n<div style=\"height:19px\" aria-hidden=\"true\" class=\"wp-block-spacer\"><\/div>\n\n\n\n<h2 class=\"wp-block-heading\">Ausstellung<\/h2>\n\n\n\n<p>Historische Trinkgl\u00e4ser und Karaffen aus dem Privatbesitz aus dem Privatbesitz von Herrn Andreas Kosma, Chefredakteur und Herausgeber Sektguide Deutschland.<\/p>\n\n\n\n<p>Ab Juli zu den \u00fcblichen \u00d6ffnungszeiten.<\/p>\n\n\n\n<div style=\"height:19px\" aria-hidden=\"true\" class=\"wp-block-spacer\"><\/div>\n","protected":false},"excerpt":{"rendered":"<p>Hier finden Sie die aktuellsten Information. Veranstaltung Aldes Zeich un luschdisch\u00b4 Gebabbel, ein heiterer musikalisch-literarischer Abend im Museum Von und mit Georg Brehm.Musikalische Begleitung: Dieter SchmittFreitag, 9. Oktober\u00a0Beginn 19:00 UhrOrt: Reinhard-Blauth-Museum, Schulstr. 6, 67685 WeilerbachDer Eintritt ist kostenlos. Umbauma\u00dfnahmen Auf Grund bevorstehender Umbauma\u00dfnahmen im B\u00fcrgerhaus wurden von dort Einrichtungsgegenst\u00e4nde bis auf weiteres in unserer Landwirtschaftshalle <a href=\"https:\/\/heimatmuseum-weilerbach.de\/?page_id=451\" rel=\"nofollow\"><span class=\"sr-only\">Read more about Aktuelles<\/span>[&hellip;]<\/a><\/p>\n","protected":false},"author":1,"featured_media":0,"parent":0,"menu_order":0,"comment_status":"closed","ping_status":"closed","template":"template-fullwidth.php","meta":{"footnotes":""},"class_list":["post-451","page","type-page","status-publish","hentry"],"_links":{"self":[{"href":"https:\/\/heimatmuseum-weilerbach.de\/index.php?rest_route=\/wp\/v2\/pages\/451","targetHints":{"allow":["GET"]}}],"collection":[{"href":"https:\/\/heimatmuseum-weilerbach.de\/index.php?rest_route=\/wp\/v2\/pages"}],"about":[{"href":"https:\/\/heimatmuseum-weilerbach.de\/index.php?rest_route=\/wp\/v2\/types\/page"}],"author":[{"embeddable":true,"href":"https:\/\/heimatmuseum-weilerbach.de\/index.php?rest_route=\/wp\/v2\/users\/1"}],"replies":[{"embeddable":true,"href":"https:\/\/heimatmuseum-weilerbach.de\/index.php?rest_route=%2Fwp%2Fv2%2Fcomments&post=451"}],"version-history":[{"count":82,"href":"https:\/\/heimatmuseum-weilerbach.de\/index.php?rest_route=\/wp\/v2\/pages\/451\/revisions"}],"predecessor-version":[{"id":772,"href":"https:\/\/heimatmuseum-weilerbach.de\/index.php?rest_route=\/wp\/v2\/pages\/451\/revisions\/772"}],"wp:attachment":[{"href":"https:\/\/heimatmuseum-weilerbach.de\/index.php?rest_route=%2Fwp%2Fv2%2Fmedia&parent=451"}],"curies":[{"name":"wp","href":"https:\/\/api.w.org\/{rel}","templated":true}]}}

<p>Hier finden Sie die aktuellsten Information.</p>



<div style="height:44px" aria-hidden="true" class="wp-block-spacer"></div>



<h2 class="wp-block-heading">Veranstaltung Aldes Zeich un luschdisch´ Gebabbel, ein heiterer musikalisch-literarischer Abend im Museum</h2>



<p>Von und mit Georg Brehm.<br>Musikalische Begleitung: Dieter Schmitt<br>Freitag, 9. Oktober <br>Beginn 19:00 Uhr<br>Ort: Reinhard-Blauth-Museum, Schulstr. 6, 67685 Weilerbach<br>Der Eintritt ist kostenlos.</p>



<div style="height:19px" aria-hidden="true" class="wp-block-spacer"></div>



<h2 class="wp-block-heading">Umbaumaßnahmen</h2>



<p>Auf Grund bevorstehender Umbaumaßnahmen im Bürgerhaus wurden von dort Einrichtungsgegenstände bis auf weiteres in unserer Landwirtschaftshalle zwischengelagert. Dies kann zu Einschränkungen bei der Besichtigung der landwirtschaftlichen Geräte führen. Wir bitten dies zu entschuldigen.</p>



<div style="height:19px" aria-hidden="true" class="wp-block-spacer"></div>



<h2 class="wp-block-heading">Ausstellung</h2>



<p>Historische Trinkgläser und Karaffen aus dem Privatbesitz aus dem Privatbesitz von Herrn Andreas Kosma, Chefredakteur und Herausgeber Sektguide Deutschland.</p>



<p>Ab Juli zu den üblichen Öffnungszeiten.</p>



<div style="height:19px" aria-hidden="true" class="wp-block-spacer"></div>

<p>Hier finden Sie die aktuellsten Information. Veranstaltung Aldes Zeich un luschdisch´ Gebabbel, ein heiterer musikalisch-literarischer Abend im Museum Von und mit Georg Brehm.Musikalische Begleitung: Dieter SchmittFreitag, 9. Oktober Beginn 19:00 UhrOrt: Reinhard-Blauth-Museum, Schulstr. 6, 67685 WeilerbachDer Eintritt ist kostenlos. Umbaumaßnahmen Auf Grund bevorstehender Umbaumaßnahmen im Bürgerhaus wurden von dort Einrichtungsgegenstände bis auf weiteres in unserer Landwirtschaftshalle <a href="https://heimatmuseum-weilerbach.de/?page_id=451" rel="nofollow"><span class="sr-only">Read more about Aktuelles</span>[&hellip;]</a></p>
